are the prime factors of x?
2, 5, 11
Let f(r) = -r - 3. Let v be f(-5). Suppose 6 = -4*z + 2*g, 3*z - 3*g + 15 = v*g. Suppose -t + 7 + 14 = z. What are the prime factors of t?
3, 7
Suppose 3*k - 3 + 8 = 2*s, -7 = -s + 3*k. What are the prime factors of ((-32)/12 - -2)/(s/39)?
13
Let g be 8/(-4)*26/(-2). Let l = g - -62. List the prime factors of l.
2, 11
List the prime factors of 52/(-130) + 3372/5.
2, 337
Let k = 26 - 150. List the prime factors of 0 - (k - (-2 + -1)).
11
Suppose 7*i - 6*i - 45 = 0. Suppose i = 3*g + t, -3*t = 3*g + 8 - 59. Suppose 12*v = g*v - 16. List the prime factors of v.
2
Suppose 0 = -4*f + 16, -a + 4*f - 18 = 2. Let w be a + 0/(-4) - -130. Suppose -4*y - 3*n = -w, 3*n = 5*y - 3*y - 54. What are the prime factors of y?
2, 3, 5
Let n = 623 + -489. What are the prime factors of n?
2, 67
Suppose y - 2 - 3 = 0. Suppose -p = -5*m - 48, 0 = -4*p + y*m + 42 + 105. List the prime factors of p.
3, 11
Suppose 0 = 11*a + 11*a - 63338. What are the prime factors of a?
2879
Let b(a) = a**3 - 6*a**2 + 7*a - 6. Let l be b(5). List the prime factors of 75*(-1 - l/(-3)).
5
Let a(u) = 8 - 4*u - 4*u**2 + 13*u**2 + 3*u**2. What are the prime factors of a(4)?
2, 23
Let j(g) = -569*g**2 + 573*g**2 - 8*g + 3 + 5. List the prime factors of j(8).
2, 5
Let a(o) = -o**3 + 5*o**2 - 4*o + 4. Let c be a(4). Suppose -5*q - 2*v = 2*v - 38, -c*q + 3*v = -49. What are the prime factors of (2 - 4/q)*5?
2
What are the prime factors of (-31676)/(-52) - (-10)/(-65)?
3, 7, 29
Let k = -19 + 24. Suppose 18 = 3*t + 3*i, 0 = -t + 2*t - k*i. What are the prime factors of t?
5
Let c = -3163 - -4730. List the prime factors of c.
1567
Let x(h) = -2*h**2 - 4*h - 3. Let r = 13 - 15. Let n be x(r). Let g(i) = -11*i + 1. What are the prime factors of g(n)?
2, 17
Let h be ((-1100)/(-30))/((-2)/(-3)). Suppose -2*s + h = -2*n - 15, 5*n + 136 = 4*s. What are the prime factors of s?
3, 13
Let n = 739 + -709. List the prime factors of n.
2, 3, 5
Suppose -5*v - 20 = -5*s, 7*s - 3*v = 3*s + 12. Suppose s = -4*d + 2*d + 144. List the prime factors of d.
2, 3
Let q(d) = d + 1. Suppose -3*r = -0 + 18. Let x be (r/12)/(2/(-4)). What are the prime factors of q(x)?
2
Let i = 251 - -1890. List the prime factors of i.
2141
Let a = 294 - -1345. List the prime factors of a.
11, 149
Suppose 0*f = -a - 4*f + 3, -2*a = -4*f + 42. Let o = -2 - a. List the prime factors of o.
11
Let m = 84 + -82. Suppose -5 - 21 = -m*q. What are the prime factors of q?
13
Let u(b) = 5*b**2 - 2*b + 1. Let s be (1 - 3)/((-2)/1). Let y be u(s). List the prime factors of ((-14)/y)/((-2)/4).
7
Suppose 677 - 159 = -7*v. Let y = v - -92. List the prime factors of y.
2, 3
Suppose -2*k + 4*t + 3 + 3 = 0, 5*k + 4*t = 15. Suppose -14 = -k*x - 4*x. Suppose 2*r - 20 = 2*b, r - 3*b = x*b + 18. List the prime factors of r.
2
Suppose -s = 2*t + 29, -4*t - 6*s - 64 = -2*s. Let h = 0 - t. What are the prime factors of h?
13
List the prime factors of (-7 + 28439)/8 + 7*-1.
3547
What are the prime factors of (-40)/(-5)*(-8)/(64/(-420))?
2, 3, 5, 7
Let y = 1066 + -321. List the prime factors of y.
5, 149
Suppose -5*f + 5*o - 5 = 0, -4*f + 2*o - 14 = -0*o. Let b = 7 - f. What are the prime factors of b?
13
Let p be 4*(2 - 3/3). Suppose -2*q - 4 = -5*b, p*b = 2*b - 2*q + 10. What are the prime factors of b/6*(5 - -88)?
31
Let r(v) = 147*v**2 - 26*v - 49. What are the prime factors of r(-2)?
3, 197
Suppose -2 = 2*q - 8. Suppose 2*g = 2 + 4. Suppose -g*j - 3*f - 65 = -5*j, q*j - 65 = -2*f. List the prime factors of j.
5
Suppose j - 4*j = -b - 29, 41 = 2*j - 5*b. Suppose 292 + 4 = j*m. List the prime factors of m.
37
Let d(z) = -3*z - 10. Let x be d(-17). Suppose x = 3*c - 103. List the prime factors of c.
2, 3
Let u(c) = c + 4. Let y be u(-13). List the prime factors of ((-3)/2)/(2/912*y).
2, 19
Let a be -309 - -7 - (-1 - 3). List the prime factors of (-2)/8 - a/8.
37
Suppose 0 = -103*m + 22*m + 138105. What are the prime factors of m?
5, 11, 31
Let j(s) = s + 14. Let t = 5 - 23. Let g = 24 + t. What are the prime factors of j(g)?
2, 5
Suppose 5*s + 20 = 0, -5*x + x = -2*s - 324. Let n = x + -25. Suppose -9 = 5*k - n. List the prime factors of k.
3
Let q = 51 + -48. Suppose q*o = -a - 4*a + 475, -a + 622 = 4*o. What are the prime factors of o?
5, 31
Suppose 4*t + 2*k + k = -226, 4*k = -3*t - 173. Let s = -5 - t. What are the prime factors of s?
2, 5
Let b be -4 + (-3 - -7) - -151. What are the prime factors of b/3 - (-10)/15?
3, 17
Let u = -4 - -9. Suppose -u*s + 0*s + 15 = 0. Suppose 0 = -s*h - 0*h + 33. List the prime factors of h.
11
Let x = -25 + 10. Let v = x + -6. Let q = 8 - v. List the prime factors of q.
29
Suppose 0 = 31*o - 8*o - 30659. List the prime factors of o.
31, 43
Suppose -4*i = m - 18, -4*i + 3*i + 98 = 3*m. Let n = m - 29. Suppose n*a - 342 = t, 5*t + 19 = a - 59. What are the prime factors of a?
2, 17
Let u(b) = -9*b**3 - b**2 - b + 1. Let w be u(1). Let m = 12 + w. Let r(l) = 6*l**3 - 3*l**2 + 4*l - 2. What are the prime factors of r(m)?
2, 3, 7
Let g(c) = -12*c + 2. Let f be (-224)/105 - 4/(-30). What are the prime factors of g(f)?
2, 13
List the prime factors of (13/((-312)/16))/(4/(-1602)).
3, 89
Suppose 670 = 5*q + 3*r, 433 = 2*q + 3*r + 165. Suppose 3*u - 19 = q. What are the prime factors of u?
3, 17
Suppose s + 4*s = 0. Suppose -2*n - 3*v + 687 = s, 0*v + v = 4*n - 1339. What are the prime factors of n?
2, 3, 7
Let r be (-17)/5 + (-2)/(-5). Let s(x) = 15*x**2 + 7*x + 6. Let o(m) = -7*m**2 - 3*m - 3. Let u(w) = -7*o(w) - 3*s(w). List the prime factors of u(r).
3, 13
Let n = 37 + 2122. List the prime factors of n.
17, 127
Let b be (1 - 2)*(-1 - (0 - -3)). Suppose 0*d + 535 = 3*q + 2*d, 4*d = 5*q - 899. Suppose 5*v - q = -u, 0*v - 2*u - 132 = -b*v. What are the prime factors of v?
5, 7
Let k = 70 + 233. What are the prime factors of k?
3, 101
Let r = -95 - -21. Let a = -37 - r. What are the prime factors of a?
37
Let z(a) = 1033*a**2 - 37*a - 39. List the prime factors of z(-1).
1031
Let y(n) = -n**3 + 10*n**2 - n + 13. Let f be y(10). Let u(t) = -11*t**2 + 5 + 10*t**2 + 8*t + f + 0. List the prime factors of u(5).
23
Let v = -103 - -268. Suppose -3*x = 2*x - 5*l - v, -5*l = -4*x + 133. What are the prime factors of x?
2
Let h = 7389 - 4814. What are the prime factors of h?
5, 103
Let z(y) = 7*y**3 - 17*y**2 + 5*y - 17. List the prime factors of z(6).
11, 83
Let n(m) = -2*m**2 + 2*m + 5 - 3*m**2 - 4*m**3 - 8 + 0. What are the prime factors of n(-3)?
2, 3
Let q = -5154 - -7254. What are the prime factors of q?
2, 3, 5, 7
Suppose 0 = -6*c + 2*c + 5640. Suppose 6*y + 0*y - c = 0. What are the prime factors of y?
5, 47
Let z be (-9)/(-2)*12/(-18). Let c be (3 + z)*1/(-2). Suppose 4*h - 94 - 18 = c. What are the prime factors of h?
2, 7
Let k(u) = -u**3 - 3*u**2 - 3*u + 2. Let w be k(-4). Suppose 3*a - 3*t - w = 0, 4*t + 30 = a - t. Suppose a*p - 104 = p. List the prime factors of p.
2, 13
Let w(k) = -95*k - 164. What are the prime factors of w(-12)?
2, 61
Suppose 3 + 57 = 5*z. Suppose 0 = 2*t + 2*t - z. Suppose t*o = 2*b - 54 + 5, -b = 2*o - 28. What are the prime factors of b?
2, 13
Let p(q) = -q**3 + 17*q**2 + 42*q + 9. What are the prime factors of p(14)?
3, 5, 79
Suppose 3*y = -p - 3 - 3, -2*p + 4*y = -28. Suppose -2*n - 135 = -3*t, p*t - 4*n - 98 = 4*t. List the prime factors of t.
43
Let a be -1 - 0*(-1)/2. Let q = 4 + a. What are the prime factors of ((-1)/q)/(2/(-138))?
23
Let z be (-15)/(-3) + (-4)/2. Let h(x) = -x**2 + 5*x. Let c be h(z). Suppose 4*p - 3*y - 42 = 0, 0 = -p + c*y - y + 19. What are the prime factors of p?
3
Let u = -96 + 226. Let q = 210 - u. What are the prime factors of q?
2, 5
Suppose -4*a = -5*p - 4872, 0 = -107*a + 106*a + 2*p + 1221. What are the prime factors of a?
1213
Let n = -187 - -437. What are the prime factors of n?
2, 5
Suppose 776 = -4*a + 12*a. Suppose -5*m = -j - a - 48, 4*m + 4*j = 116. What are the prime factors of m?
29
Suppose 0 = -4*r - 16, 4*j - j = 3*r + 3720. List the prime factors of j.
2, 3, 103
Let b = -137 - -228. Suppose 5*v - 9 = 2*v. Suppose 4*u = -v*o + 156, u = o + 32 - b. What are the prime factors of o?
2, 7
Let f(c) = -124*c + 202. What are the prime factors of f(-9)?
2, 659
Suppose -3*f = -5*t + 3244 + 2111, -f + 5335 = 5*t. What are the pri